3) + 0 + -13?
-14
(-19 - (-9 - (32 - 14))) + (-1 - -3)
10
13 + -25 + -1 + 19
6
(-25 - -22) + -11 + 0
-14
What is the value of -2 + (-3 - 7) + (-31 - -20) + 5?
-18
Calculate -10 + 8 + 1 + -10.
-11
What is the value of (28 - 31) + (-1 - -4) + -7?
-7
Evaluate (-53 - -67) + 0 + -5.
9
What is the value of -4 - (8 - (28 - 2))?
14
What is (-9 - (-22 - -21)) + 16?
8
13 + (9 - 13 - 1) + -22
-14
What is 10 + 9 + (-81 + 81 - (11 + 1))?
7
(-19 - -4) + -13 - -19
-9
15 + 10 + -15 + (3 + -5 - 10)
-2
0 + -5 - (-10 + 48 + -51)
8
-149 + 162 + 2 + -5
10
(1 - 9) + 0 + (89 - 85) - -19
15
What is the value of -54 - -60 - (13 + 0 + (-4 - -3))?
-6
What is 19 - (-3 - (-6 + (16 - 6)) - -8)?
18
What is the value of (-4 - -2) + 65 + -72 + 11?
2
What is the value of -4 + (4 + 1 - (55 - 49)) + 4?
-1
What is the value of (-5 - (-13 - -5)) + (5 - 12) + 9?
5
What is the value of -34 - (-8 + (-6 - -29) + -27)?
-22
What is 6 - ((-2 - -20 - 4) + -11)?
3
What is 0 + 0 + -14 - (43 - 47)?
-10
Evaluate (104 - 97) + (-3 - 1) + 10.
13
Evaluate 8 - 2 - (-12 - -18 - 16).
16
Evaluate (-3 - 4) + 8 + (1 - 4).
-2
What is the value of (-10 - 1) + 159 + -176?
-28
Evaluate 6 - 8 - 0 - (3 + -13).
8
What is (5 - 3) + (-2 + -4 - (-11 + 3))?
4
(1 - 7) + 197 + -195
-4
What is 6 + 2 + 4 + 109 + -93?
28
Evaluate 0 + 2 + -2 + -7.
-7
-12 - -39 - (19 - 0)
8
Evaluate -43 + (-25 + 6 - -37).
-25
What is the value of 2 + -1 - -6 - (-198 + 125 - -82)?
-2
Calculate (-43 - -19) + 29 + -5.
0
Evaluate 3 + 0 + -12 - (-64 + 40).
15
Calculate -3 + -3 + 2 - (-20 + (-10 - -22)).
4
Evaluate -12 + -25 + 11 + 10.
-16
-9 + 6 + 10 - -4
11
Calculate 0 - (21 + 3) - (2 + (-2 - 7)).
-17
What is 23 + -16 - (84 + -94)?
17
-1 - 7 - (13 + -3 + -35 + 0)
17
Evaluate (-39 - -30) + 19 + 2 + 0.
12
What is -8 + 3 + 9 + 2 - (11 - 1)?
-4
(-3 + 9 - 1 - 3) + (-12 - -12)
2
Evaluate 3 - -7 - -9 - 8.
11
Evaluate 42 + -9 + 0 + -23.
10
9 + (11 - -8) + -14
14
(-8 - 1) + 5 + -2 + 2
-4
What is -38 + (13 - 13 - -15) - (-2 + -3)?
-18
What is the value of 5 - (-7 - (4 - 29))?
-13
9 - (-1 + -1 - ((13 - 3) + -12))
9
-16 - (9 - (0 + 21)) - (2 + -2)
-4
What is 1 + -2 + 3 - (4 - (-2 + -4))?
-8
What is the value of 25 + (7 - (11 - 11) - 22)?
10
What is -26 - (-28 + -2 + 10 + 11)?
-17
What is -4 + 18 - (17 + -2)?
-1
What is the value of 5 - (-12 - -5 - -3)?
9
What is the value of -10 + (8 - -12) + -16 + 2 + 8?
4
(4 - -1) + 8 - (2 + (-2 - -1))
12
41 + (-20 - -5) + -14
12
What is the value of -24 - (-4 - (17 - 8))?
-11
What is -8 + (8 + 3 - 3) + 8?
8
What is the value of 16 - (71 + -18) - -15?
-22
What is the value of -11 + (24 - -6 - 6)?
13
19 + -5 - (19 - 18)
13
What is -2 - 6 - (13 - (-25 + 35))?
-11
Calculate 12 - (12 - 2 - (-6 + (17 - 8))).
5
What is -6 + 14 + -9 + 4 - (-3 - -19)?
-13
What is the value of (-125 - -88 - (0 + -12)) + 2?
-23
What is the value of (6 - 32) + 16 + -9?
-19
Calculate 29 - (4 - 23 - -29).
19
Evaluate -128 + 155 - (-3 - -44).
-14
What is -7 - (-22 - (-16 - -3))?
2
Evaluate (-2 - (-3 + 3)) + -1 + -96 + 79.
-20
Calculate 20 + (-15 - (2 - 1)).
4
-42 + 42 - (3 - (3 + -3) - 7)
4
Calculate 2 + -6 + -9 - (-30 + 32).
-15
Evaluate -7 + 12 - (28 + (-5 - -19 - 3)).
-34
Evaluate (-8 - -4) + (-11 - -23 - 21).
-13
(0 - (-3 + 30)) + -18 + -18 + 37
-26
What is the value of -46 + 49 + -4 + 14 + -4?
9
What is (-32 - -24) + -26 + 23?
-11
42 - (-1 - (23 - 45 - (-6 + -5)))
32
What is 11 + (-2 - (-10 + 6 + 1))?
12
What is the value of (21 + -8 - 26) + 1?
-12
-23 + 24 + (-26 - (3 - 5))
-23
Evaluate 18 - (17 + 10 + -1).
-8
What is the value of -121 + 110 + (10 - (0 + 3) - 1)?
-5
Evaluate -2 - (-1 - (-3 + 0) - 9) - 4.
1
Evaluate (-9 + 4 - (3 + 6)) + -3.
-17
Evaluate (12 - 2 - 2) + -7.
1
Calculate 5 + -22 + (8 - (-8 + 15 + -6)).
-10
Calculate (-39 - (24 - 69)) + (-7 - (-4 - -2)).
1
What is the value of -159 + 147 + 13 + 0?
1
What is -7514 + 7527 + 0 + 0 + (-3 - -1)?
11
9 + (-2 - (-7 + 3)) + 5
16
19 + -2 + -25 - (3 + (-2 - 5))
-4
What is 8 + -14 + 10 - (1 - (2 + -13))?
-8
Evaluate (-10 + 26 - -5) + -12.
9
Evaluate (4 - 4) + 1 + 6 + (-293 - -290).
4
What is the value of -3 + -13 - (-10 - -4) - -9?
-1
What is (-7 - (4 - 6) - 6) + 11?
0
Evaluate (6 - (-4 + 1)) + (-10 - -9) - 5.
3
Calculate 14 + 14 + 21 + -38.
11
-6 - (5 - ((6 - 3) + 1) - 4)
-3
What is the value of (-5 - 12 - -9) + -18?
-26
What is the value of (1 - 1) + (-2 - 0)?
-2
What is -5 + -1 + -5 + (20 - -5)?
14
What is the value of -14 + 0 + 17 - (-1 + 9)?
-5
Evaluate -3 + 4 - (103 - 126).
24
What is 42 + (27 - 56) - 34?
-21
Calculate (1131 - 1096) + -17 + -1.
17
Calculate (-10 - -4 - -9) + -3 + -4.
-4
((7 - (5 - 5)) + -12 - -4) + -9
-10
Calculate (-17 - -3) + -40 + 75 + (-8 - 2).
11
Evaluate 16 + (-4 - (3 + 10)).
-1
Evaluate -12 + -27 + 15 + 3 + 6.
-15
(-9 - (-8 - -11)) + 12
0
Calculate (-4 - (16 + -1)) + 0.
-19
What is -6 + -26 + 10 + 10?
-12
What is (13 - 2 - (3 - 2)) + -27?
-17
41 + -1 + (-145 - -122)
17
What is the value of (-7 - (-8 + 4) - 5) + 0 + 8?
0
What is the value of 2 - (7 - (11 + (0 - 1)))?
5
(10 - 2) + (11 - (42 + -9))
-14
Evaluate 4 + (14 - (12 - -6)).
0
Calculate (27 - 1) + (-24 + 9 - -7) - 2.
16
Calculate 2 + (-11 - -1 - -2).
-6
What is (4 - 21) + -24 + 42?
1
(-13 - -1) + 2 + -8 + 15
-3
-5 + -5 - 0 - 7 - (-2 + -5)
-10
Calculate -3 - (47 - 3 - (27 - (-2 + 19))).
-37
What is the value of (-18 - -4) + (33 - 7)?
12
(2 - (-11 + 17)) + (2 - -1)
-1
12 - -10 - 28 - (6 + 1 + 0)
-13
0 + -5 + 6 + -2 + (-18 - -2)
-17
What is the value of 1 + 1 + (19 - (10 + 23))?
-12
-3 + 1 - (27 + -23 + -4 + -4)
2
-11 + (19 - 7) + -12
-11
Calculate -2 + (2 - (2 + 11)) + (144 - 91).
40
-16 + -1 + -20 + 23 + 0 + 0
-14
Evaluate -36 + (21 - 22) + 25.
-12
What is the value of -27 - (21 - (-8 - -71))?
15
-26 - (19 + -37 - -10)
-18
What is 47 + (-5 + -13 - 4)?
25
Calculate -64 - -60 - (16 - 2).
-18
Evaluate -37 - (30 - (-4 - -40)).
-31
Calculate 7 - -3 - (-7 + 24) - -34.
27
Calculate (1 - (3 - (5 + -3 + -1))) + -9.
-10
Calculate (32 - 8) + -2 + -12 + -13.
-3
Calculate -10 - (-10 + -13 + 13).
0
Evaluate -35 - (12 - ((3 - 3) + (10 - -10))).
-27
What is the value of 37 + 8 + -46 - (30 - 1)?
-30
-8 + (-6 - (0 - -3) - -16)
-1
What is the value of (-8 - -13) + 29 - 26?
8
Calculate (-4 - -9) + -11 - (1 - 0 - 1).
-6
-4 + (-12 - (-13 + -4))
1
What is the value of 14 + (-8 - 3 - (-7 - (-2 - 0)))?
8
(0 - 6) + -18 + (3 - -24) - -2
5
2 + -17 - (99 + -112)
-2
Evaluate -25 - 0 - (-1139 - -1119).
-5
What is -1 - 4 - (34 - 38)?
-1
What is 1 - 3 - (2 + (12 - 41) + 10)?
15
What is 2 + -1 + -3 - -2 - (2 - 10)?
8
What is the value of (8 - (3 + 2)) + 1 - 4?
0
What is -60 + 53 + (-3 - (-1 + 4 + -1))?
-12
-9 - -7 - 5 - (-16 + -10)
19
Calculate -30 - -15 - (-43 - (1 - 9)).
20
What is -18 + -5 + 2 + (10 - -1) + -11?
-21
Calculate -35 - (7 + -29) - (0 + -6).
-7
3 - (4 - 1 - (157 + -150))
7
What is 8 + (11 - 10 - 11 - 19)?
-21
What is 3 + -20 + 6 - (-5 - 9)?
3
Evaluate -14 - (11 - (10 + 8)).
-7
(5 - -1) + (14 - (23 - 7))
4
What is 0 + 0 + -2 + 2?
0
Calculate (-110 - -114 - (-2 + 5)) + (6 - 1).
6
What is -7 + 10 + -2 + 0 + 7?
8
Evaluate 1 + (12 - (-6 - (5 + -18))) - -7.
13
-8 + (16 - (-4 + -9 + 6))
15
What is the value of -14 + -14 - -25 - -2?
-1
17 + -26 + 19 + (2 - 4) + 0
8
Calculate 2 - (-35 - -10) - (-35 - -41).
21
What is -9 + (7 - 12) + 21?
7
Evaluate 54 + -44 + -3 + -4.
3
Evaluate (-2 - -13) + -2 + -146 + 126 - 10.
-21
Evaluate ((2 - -1) + 1 - (3 + -3)) + 5.
9
Calculate -36 + (28 - (-5 + 13)).
-16
Calculate (8 - (26 + -7) - -2) + 8.
-1
What is the value of 8 + 1 + -38 + 30 + -12?
-11
Calculate 2 + 11 + (-3 - (4 + 30)) - 1.
-25
What is (-11 + 12 - -3) + 27 + -15?
16
What is the value of (-60 - (27 - 60)) + 11?
-16
What is 2 - (-27 - -15 - (-2 + 1))?
13
Evaluate -8 + (-19 - -40) + 1 + -11.
3
Calculate -88 - (-162 + 83) - (-1 - -1).
-9
What is -39 + 25 - (-8 + -9)?
3
What is the value of (4 - -2 - 1) + (13 - 23)?
-5
What is the value of 3 + (1 - -2 - 4) - (0 + 2)?
0
Calculate (0 - -5) + 0 + (2 - 5) - -3.
5
Evaluate -25 + 7 + (30 - 10).
2
What is 782 + -790 - (-1 - ((2 - 1) + -3))?
-9
What is (15 + -4 - 18) + 1 + -11?
-17
Evaluate (15 - (29 + -1)) + 8 + -8 + 1.
-12
Evaluate 2 - 63 - (603 + -638).
-26
What is -35 + 72 + -24 + -14?
-1
What is the value of 6 + -23 + 16 + 14?
13
10 - -20 - ((-6 - -1) + 4)
31
What is the value of (14 - 7) + 22